{"id":2,"date":"2007-05-30T05:59:25","date_gmt":"2007-05-30T03:59:25","guid":{"rendered":""},"modified":"2010-02-23T20:23:27","modified_gmt":"2010-02-23T18:23:27","slug":"about","status":"publish","type":"page","link":"https:\/\/www.die-grenze.com\/wordpress\/?page_id=2","title":{"rendered":"\u00dcber &#8220;Die Grenze&#8221;"},"content":{"rendered":"<p>Dies ist die neue Version (seit 30. Mai 2007) des &#8220;Nachtgedanken&#8221;-Weblogs von Marc-Christian J\u00e4ger.<\/p>\n<p>Dieses\u00a0Blog\u00a0ist Teil des Projekts <a href=\"http:\/\/www.die-grenze.com\">www.die-grenze.com<\/a>.<\/p>\n<p>Kontakt: <a href=\"mailto:webmaster@die-grenze.com\">webmaster@die-grenze.com<\/a><\/p>\n<p>&#8220;Die Grenze&#8221; besch\u00e4ftigt sich mit der Philosophie des Poststrukturalismus, mit Michel Foucault usw.<\/p>\n<p>Die Grenzen zwischen essayistisch-subjektiver Herangehensweise\u00a0sowie wissenschaftlicher Methode und Archivierung\u00a0verwischen auf dieser\u00a0Webseite\u00a0stellenweise. Ganz ohne Grenzziehungen kommt &#8220;Die Grenze&#8221;\u00a0jedoch nicht aus.\u00a0<\/p>\n<p>Das Blog ist bewusst subjektiv gehalten,\u00a0aber die\u00a0subjektive Betrachtung soll sich durch ihre \u00dcbertragbarkeit\u00a0und\u00a0Polyvalenz vom rein Privaten unterscheiden.\u00a0<\/p>\n<p>Vorwort zum alten &#8220;Nachtgedanken&#8221;-Weblog:<\/p>\n<p>&#8220;Hier m\u00f6chte ich ein paar Gedanken aufschreiben, die mir in letzter Zeit kurz vor dem Einschlafen gekommen sind (weil man ja angeblich in dieser Zeitspanne die besten Einf\u00e4lle hat). Ich wei\u00df noch nicht, ob und wie ich diese S\u00e4tze weiterverwenden will. Es sind nur augenblickliche Eindr\u00fccke, keine &#8220;Weisheiten&#8221;, von denen ich selbst noch nicht genau wei\u00df, ob sie es wert waren, festgehalten zu werden. Von Festhalten soll an dieser Stelle ohnehin keine Rede sein. Die Gedanken wollen ja frei und haltlos sein&#8230; (es wird an dieser Stelle auch keine Indiskretionen oder Seelenbeichten geben).&#8221;<\/p>\n","protected":false},"excerpt":{"rendered":"<p>Dies ist die neue Version (seit 30. Mai 2007) des &#8220;Nachtgedanken&#8221;-Weblogs von Marc-Christian J\u00e4ger. Dieses\u00a0Blog\u00a0ist Teil des Projekts www.die-grenze.com. Kontakt: webmaster@die-grenze.com &#8220;Die Grenze&#8221; besch\u00e4ftigt sich mit der Philosophie des Poststrukturalismus, mit Michel Foucault usw. Die Grenzen zwischen essayistisch-subjektiver Herangehensweise\u00a0sowie wissenschaftlicher Methode und Archivierung\u00a0verwischen auf dieser\u00a0Webseite\u00a0stellenweise. Ganz ohne Grenzziehungen kommt &#8220;Die Grenze&#8221;\u00a0jedoch nicht aus.\u00a0 Das Blog [&hellip;]<\/p>\n","protected":false},"author":1,"featured_media":0,"parent":0,"menu_order":0,"comment_status":"open","ping_status":"open","template":"","meta":[],"_links":{"self":[{"href":"https:\/\/www.die-grenze.com\/wordpress\/index.php?rest_route=\/wp\/v2\/pages\/2"}],"collection":[{"href":"https:\/\/www.die-grenze.com\/wordpress\/index.php?rest_route=\/wp\/v2\/pages"}],"about":[{"href":"https:\/\/www.die-grenze.com\/wordpress\/index.php?rest_route=\/wp\/v2\/types\/page"}],"author":[{"embeddable":true,"href":"https:\/\/www.die-grenze.com\/wordpress\/index.php?rest_route=\/wp\/v2\/users\/1"}],"replies":[{"embeddable":true,"href":"https:\/\/www.die-grenze.com\/wordpress\/index.php?rest_route=%2Fwp%2Fv2%2Fcomments&post=2"}],"version-history":[{"count":0,"href":"https:\/\/www.die-grenze.com\/wordpress\/index.php?rest_route=\/wp\/v2\/pages\/2\/revisions"}],"wp:attachment":[{"href":"https:\/\/www.die-grenze.com\/wordpress\/index.php?rest_route=%2Fwp%2Fv2%2Fmedia&parent=2"}],"curies":[{"name":"wp","href":"https:\/\/api.w.org\/{rel}","templated":true}]}}